
What is the highest common factor of 796473 and 81?
81
What is the highest common factor of 225 and 749025?
225
Calculate the greatest common factor of 12172 and 1496.
68
What is the highest common factor of 2019 and 24?
3
What is the greatest common divisor of 152 and 240236?
76
What is the greatest common divisor of 5832 and 5892?
12
What is the highest common divisor of 1029 and 58065?
147
Calculate the highest common factor of 408 and 768.
24
What is the greatest common factor of 980 and 161847?
49
What is the highest common divisor of 2836 and 9217?
709
What is the highest common factor of 1260 and 10980?
180
Calculate the greatest common divisor of 17633 and 308.
77
Calculate the highest common factor of 7912 and 320.
8
What is the greatest common divisor of 186 and 172670?
62
Calculate the greatest common factor of 370 and 10471.
37
What is the greatest common factor of 1113 and 10335?
159
Calculate the highest common divisor of 640 and 346432.
64
Calculate the greatest common divisor of 161874 and 204.
102
Calculate the greatest common factor of 1672 and 1386.
22
What is the highest common divisor of 1470 and 66?
6
What is the greatest common divisor of 75 and 627525?
75
What is the highest common factor of 454317 and 19025?
761
What is the highest common factor of 241 and 8?
1
Calculate the greatest common divisor of 103 and 1626473.
103
What is the highest common divisor of 46 and 1192826?
46
Calculate the highest common divisor of 22 and 31867.
11
Calculate the highest common divisor of 78 and 8574.
6
What is the greatest common divisor of 81972 and 297?
297
Calculate the greatest common factor of 440 and 94160.
440
Calculate the greatest common divisor of 1176096 and 128.
32
Calculate the greatest common divisor of 2465907 and 109.
109
Calculate the highest common factor of 2852 and 11532.
124
Calculate the highest common factor of 1950 and 8500.
50
Calculate the highest common divisor of 107240 and 210.
70
Calculate the greatest common divisor of 181481 and 2429.
347
Calculate the greatest common divisor of 7375 and 50.
25
What is the highest common divisor of 26400 and 5?
5
Calculate the greatest common divisor of 244242 and 108.
54
Calculate the greatest common divisor of 15696 and 2736.
144
Calculate the greatest common divisor of 564 and 12.
12
What is the greatest common factor of 137988 and 156?
12
Calculate the highest common divisor of 4576 and 1639.
11
What is the highest common factor of 11224 and 13664?
488
What is the greatest common divisor of 39 and 1305681?
39
Calculate the greatest common divisor of 307673 and 445.
89
What is the greatest common divisor of 195 and 22269?
39
Calculate the greatest common factor of 235188 and 33777.
1251
Calculate the greatest common divisor of 64 and 165728.
32
What is the highest common factor of 45611 and 68?
17
Calculate the greatest common factor of 13526 and 304.
2
What is the greatest common factor of 39 and 13325?
13
Calculate the greatest common factor of 6993 and 598401.
999
Calculate the highest common factor of 30 and 14588580.
30
Calculate the greatest common divisor of 329451 and 30726.
1707
Calculate the highest common divisor of 47219 and 391.
23
What is the greatest common divisor of 3760083 and 93?
93
What is the highest common factor of 11 and 1012341?
11
What is the greatest common factor of 680 and 5880?
40
What is the highest common factor of 348 and 44700?
12
Calculate the greatest common factor of 6538 and 365661.
467
Calculate the highest common divisor of 36 and 3485538.
18
What is the highest common divisor of 119995 and 5?
5
What is the highest common factor of 85932 and 21762?
558
What is the greatest common divisor of 86 and 2141701?
43
Calculate the greatest common factor of 44022 and 899.
29
What is the highest common factor of 12 and 188796?
12
What is the highest common factor of 1068 and 31632?
12
Calculate the highest common factor of 217 and 47509.
7
Calculate the greatest common factor of 392560 and 175.
35
What is the highest common divisor of 187 and 21947?
17
What is the highest common factor of 8 and 1087?
1
Calculate the highest common factor of 1623 and 2715820.
541
What is the highest common factor of 173370 and 810?
30
What is the highest common divisor of 850 and 74545?
85
Calculate the highest common factor of 268 and 28.
4
Calculate the highest common factor of 1656 and 339250.
46
What is the greatest common factor of 550738 and 20558?
1082
What is the highest common divisor of 262360 and 40?
40
What is the greatest common factor of 33901 and 58?
29
What is the highest common divisor of 117 and 248807?
13
Calculate the highest common divisor of 204 and 2176.
68
Calculate the highest common factor of 170142 and 42.
42
Calculate the highest common factor of 88 and 5193628.
44
What is the greatest common divisor of 2546779 and 76?
19
Calculate the greatest common divisor of 84 and 16644.
12
Calculate the highest common factor of 679842 and 234.
18
Calculate the highest common divisor of 140 and 1047340.
140
What is the greatest common divisor of 85344 and 2736?
48
Calculate the highest common factor of 1532 and 956.
4
Calculate the highest common divisor of 58637 and 3629.
191
What is the greatest common divisor of 1345613 and 59?
59
What is the highest common factor of 109174 and 10336?
646
What is the greatest common divisor of 448 and 26096?
112
Calculate the highest common factor of 802620 and 90.
90
What is the greatest common factor of 132459 and 402?
201
What is the highest common factor of 940 and 6770?
10
What is the greatest common factor of 14734 and 530?
106
Calculate the greatest common divisor of 83200 and 275.
25
What is the highest common factor of 79263 and 54?
9
Calculate the greatest common factor of 239050 and 100.
50
What is the highest common divisor of 38466 and 90?
18
Calculate the greatest common divisor of 20594 and 588.
14
What is the highest common factor of 2703 and 3264?
51
Calculate the greatest common divisor of 306975 and 50.
25
What is the highest common divisor of 201900 and 24?
12
What is the highest common factor of 2 and 4699?
1
Calculate the greatest common divisor of 702 and 90207.
351
What is the highest common factor of 1184 and 25382?
74
What is the greatest common factor of 156 and 124881?
3
Calculate the highest common divisor of 800 and 70944.
32
What is the greatest common divisor of 2924 and 6880?
172
Calculate the greatest common divisor of 90 and 92600.
10
Calculate the highest common factor of 2696815 and 220.
55
Calculate the highest common factor of 264 and 776512.
88
What is the greatest common factor of 188 and 557044?
188
Calculate the greatest common divisor of 30807 and 324.
27
Calculate the highest common factor of 996 and 11122.
166
Calculate the greatest common factor of 8080 and 3088.
16
What is the highest common factor of 2816 and 9266048?
1408
Calculate the greatest common divisor of 270 and 6130.
10
Calculate the greatest common divisor of 52 and 15988336.
52
What is the highest common divisor of 486 and 8226522?
486
What is the highest common factor of 3289 and 1716?
143
Calculate the greatest common divisor of 1340 and 1655.
5
What is the greatest common factor of 3344 and 3674?
22
Calculate the greatest common factor of 2713386 and 43.
43
Calculate the greatest common factor of 251 and 3619169.
251
What is the greatest common factor of 7473 and 705?
141
Calculate the highest common factor of 568431 and 222.
111
Calculate the greatest common factor of 666 and 2.
2
Calculate the greatest common factor of 925 and 5125.
25
Calculate the highest common divisor of 119728 and 56.
56
Calculate the highest common divisor of 816 and 1460.
4
Calculate the highest common factor of 32151 and 357.
21
Calculate the highest common factor of 2420 and 1240.
20
Calculate the greatest common divisor of 182678 and 964.
482
What is the greatest common factor of 13576 and 8?
8
Calculate the highest common divisor of 133 and 165718.
133
What is the greatest common divisor of 106799 and 36062?
1387
What is the highest common divisor of 38 and 372248?
38
Calculate the greatest common divisor of 245 and 16907695.
245
Calculate the greatest common divisor of 580 and 58754.
58
What is the grea